l - 24, -5*l + l - 20 = -2*y. Suppose y*s - 1 = s. What is the units digit of 0*s/4 + 7?
7
Let k = 33 + -21. Let a = k - -49. What is the tens digit of a?
6
Suppose -u = 2*r + u - 12, -r + 3*u + 10 = 0. Suppose k = -8 + 13. Let g = r + k. What is the tens digit of g?
1
Suppose 120313 = 213*m - 190*m. What is the hundreds digit of m?
2
Suppose 1069 = 2*l + 3*o, -o = 2*l + 3 - 1066. What is the hundreds digit of l?
5
Let x(g) = -g**3 + 5*g**2 + 3. Let l = -23 + 28. Let b be x(l). Suppose 0 = b*d - 63 - 24. What is the tens digit of d?
2
What is the tens digit of (-8)/36 - (3 - 10390/18)?
7
Let k(y) = y - 10. Let v be k(10). Let x(r) = -2 - 10 - r**2 + v*r + 12*r + 0. What is the units digit of x(9)?
5
Let w(g) be the first derivative of -5*g**4/6 + g**3/3 - 3*g**2/2 - 5. Let k(o) be the second derivative of w(o). What is the units digit of k(-1)?
2
Let l be -1 - 1/(-1) - 0. Suppose -2*q - 2*q + 8 = l. Suppose 16 = -n + 3*n - 2*j, -8 = -n - q*j. What is the units digit of n?
8
Let t(i) = i**3 + 12*i**2 + 12*i + 11. Let b be t(-11). Suppose -317 = -2*q + 197. Suppose -3*r + 184 = -u, -q = -4*r - b*r - u. What is the units digit of r?
3
Let l = -60 + 30. What is the tens digit of 3/(1 + -4) - l?
2
Suppose -2*u - 8 = -k, -3*k + 7 + 9 = -2*u. Suppose 0 = -4*b + k*q + 848, -4*b = -2*q + 4*q - 848. What is the hundreds digit of b?
2
Suppose -7*s + 2*s - 438 = -3*q, -4*q + 5*s = -584. Suppose p + m - 3*m + 4 = 0, -3*p - 20 = -2*m. What is the tens digit of (-13)/52 - q/p?
1
Let m = 18 + -13. Let x be -2*(-1 + -3)/4. Suppose 0 = -x*j - 1 + m, -2*k + 2*j = -2. What is the units digit of k?
3
Let q = 490 - 331. Let z = 230 - q. What is the tens digit of z?
7
Let p(b) = 442*b**3 + 3*b - 2. What is the units digit of p(1)?
3
Let j(p) = -2*p**3 - 9*p**2 + 10*p + 3. Let w be j(-7). Suppose -5*c + 186 = -4*g, g - 3*g = -5*c + w. What is the tens digit of c?
3
Let y(o) = o**2 + 11*o + 21. Let h be y(-7). Let p(k) = -32*k + 20. What is the tens digit of p(h)?
4
Let n(q) = -13*q + 5*q - 6*q. What is the tens digit of n(-3)?
4
Let c = -21 + 15. What is the units digit of (-1341)/(-6)*(-8)/c?
8
Let l be (0 + 5)*22/10. Let i(t) = t**3 - 11*t**2 + 4*t - 3. What is the units digit of i(l)?
1
Suppose 37 = 2*g + 5*i - 13, -3*i = 3*g - 93. Let b = 19 - 19. Let x = g - b. What is the units digit of x?
5
Let r = 11 + -19. Let d(t) = -17*t - 32. What is the units digit of d(r)?
4
Suppose -4728 = 10*w - 24418. What is the thousands digit of w?
1
Let a(x) = 10*x**2 + 31*x + 4. What is the hundreds digit of a(-7)?
2
Let c = -107 - -107. Let i(r) = -r**3 + 8*r**2 + 10*r - 10. Let x be i(8). Suppose -7*a = -c*a - x. What is the units digit of a?
0
Suppose -7*o = -0 - 21. Suppose 2*g - 5 = g - 5*k, -2*k = -2*g + 10. Suppose 0 = -2*q - x + 19, o*q - 3*x + 9 = g*q. What is the units digit of q?
2
Suppose 9*d = 6*d + 3. Let h(i) = 8*i + 2. Let k be h(d). What is the units digit of (76/(-10))/((-2)/k)?
8
Let z = -478 - -766. What is the units digit of (z/56)/(1/7)?
6
Let i = 224 - -424. What is the units digit of i?
8
Suppose -4*p - 621 = 3*u - 9*p, -2*p = 3*u + 600. Let s = 441 + u. What is the tens digit of s?
3
Suppose -18 = -6*z - 0*z. Suppose -z + 9 = 2*m. Suppose 0 = 3*v + 5*p - 140, m*v - v + p - 91 = 0. What is the units digit of v?
5
Suppose 9*b = 4429 + 2429. What is the tens digit of b?
6
Let z(c) = 5*c. Suppose 2*b - b - 4 = 0. Let d be 15/b + 1/4. What is the units digit of z(d)?
0
Suppose 0 = -2*u + 4*u - 20. Suppose -u*o + 8*o = -122. What is the units digit of o?
1
Suppose 28*p + 762 = 29*p. What is the tens digit of p?
6
Let i(s) = 15*s + 1. Let z be i(-1). Let p = z - -22. Suppose 2*y = 18 + p. What is the units digit of y?
3
What is the hundreds digit of ((-1854)/(-12))/((-1)/(-6))?
9
What is the hundreds digit of (15 + 280)*(-168)/(-30)?
6
Let y be 10/(-4)*(-6)/5. Suppose -2*b + 0*b - 3*l + 18 = 0, 5*b - 79 = l. Suppose 2*g = -y*g + b. What is the units digit of g?
3
Let p(b) = 60*b + 10. Let x be p(2). Let m = x + 59. What is the hundreds digit of m?
1
Let b = 19 + -14. Let q be (-12)/b*10/(-4). Suppose 60 = q*g - 3*g. What is the tens digit of g?
2
Let a = 10 - 18. Let v(x) = x + 11. Let d be v(a). Suppose -16 + 118 = d*c. What is the units digit of c?
4
Let a(f) = 5*f**3 + f**2 - 5*f - 5. Let c be a(-1). What is the tens digit of 2 + 574*c/(-8)?
8
Let v = -37 + 39. Suppose -v*j = 4*j - 282. What is the units digit of j?
7
Let i(d) = 9*d + 41. Let g(t) = -22*t - 102. Let a(j) = -5*g(j) - 12*i(j). What is the units digit of a(9)?
6
Let d(m) = 21*m**2 + 1. Suppose 3*t = -4*k + 5, 6 = -5*t + t + k. Let h be d(t). What is the tens digit of 150/(-4)*h/(-33)?
2
Let l(o) = 6*o - 17 + 11 - 12*o - 3*o**3 - 2*o**2 + 4*o**3. What is the hundreds digit of l(6)?
1
Let b = -1555 + 2609. Suppose 0 = 5*v - 396 - b. What is the hundreds digit of v?
2
Let a(o) = -5*o + 5. Let g be a(5). What is the tens digit of 5/(g/(-268))*1?
6
Suppose -2*m + 5*y + 7415 = 0, 14173 + 4372 = 5*m - 5*y. What is the thousands digit of m?
3
Let z(m) = -m**3 + 19*m**2 - 20*m - 36. Let t be z(18). Let w = t - -232. What is the units digit of w?
0
Let d be 5 + -8 - (1 - 0). Suppose -7 = -5*k - 2*b - 0, 2*b + 1 = 3*k. What is the units digit of 4 + k/(d/(-148))?
1
Let j(q) = -q**3 + 14*q**2 + 16*q + 19. Suppose 11*v = 4*v + 105. What is the tens digit of j(v)?
3
Let s = 102 + -65. Suppose 5*w = 2*j - s, -4*w - 45 = 3*j + 3. Let m = 6 - w. What is the tens digit of m?
1
Suppose 44 = -4*o + 528. What is the hundreds digit of -3*o*((-3)/1)/9?
1
Let h be (0 - 1)/((-2)/170). Let c(b) = -2*b. Let f be c(-2). Suppose 0 = -f*q + h + 3. What is the units digit of q?
2
Suppose 19*b - 22151 = -2334. What is the tens digit of b?
4
Let o be (4 + 52/(-10))/((-6)/20). Suppose -o*q + 201 = 29. What is the units digit of q?
3
Let q = 1129 + -612. What is the hundreds digit of q?
5
Suppose 0 = 6*x + x. Suppose x*t = -6*t + 438. What is the units digit of t?
3
Let z(u) = u**2 - 1. Let s be z(3). Suppose -4*j - 644 = -3*i, 4*i = s*i + j - 846. What is the units digit of i?
2
Suppose 0 = 3*t + 6 - 15. Suppose 196 = -t*m + 8*m - 2*b, -4*b = -8. What is the tens digit of m?
4
Let y = 400 + -88. What is the hundreds digit of y?
3
Suppose -22*o - 19903 + 60713 = 0. What is the units digit of o?
5
Let p(v) = 61*v - 131. What is the units digit of p(12)?
1
Let l(i) = 5*i - 13. Let k = -83 + 94. What is the tens digit of l(k)?
4
Suppose 0 = 5*m + 358 - 1538. What is the tens digit of m?
3
Let r be 3 + 6/(-1) + -15. Let n(a) be the second derivative of -a**3/6 - 17*a**2/2 - 2*a. What is the units digit of n(r)?
1
Suppose g - i = 4*g - 9, 0 = -g + 2*i + 3. What is the units digit of 580/g + ((-30)/9 - -3)?
3
Suppose 9*f = 160 - 583. Let z = 156 + f. What is the units digit of z?
9
Let u(t) = -t**3 - 23*t**2 - 22*t + 3. Let w be u(-22). Suppose w*i = 12, c = -3*i + 82 - 19. What is the units digit of c?
1
Suppose 6 = 8*q - 5*q. Let x = 23 - q. What is the units digit of x?
1
Let o = 612 - 341. What is the units digit of o?
1
Let r = -7 - -10. Suppose 3*m + r*p = 2*p + 311, p = 5. Suppose -5*b - 5*l + 4*l + 93 = 0, -5*b - 4*l = -m. What is the units digit of b?
8
Let b be (-11)/(-44) + 2/(-8). What is the tens digit of b + 1 + 30/1?
3
Let j(o) = o**3 + 12 - 9*o**2 + 2*o - 4*o - 4*o - 5*o. Let b be j(10). Suppose -2*g = w - 33, b*w = -3*g - 11 + 77. What is the units digit of w?
3
Suppose 298 = 3*k + j - 388, 0 = 2*k - 4*j - 448. Suppose k = 4*i + 2*q, 2*q - 118 = -2*i + 3*q. Let d = i + -37. What is the units digit of d?
1
Suppose 5*f - 5*h = 8345, 6*f - 5*f - 1677 = -h. What is the units digit of f?
3
Suppose -6216 + 26197 = 53*w. What is the hundreds digit of w?
3
Let g = -144 - -17. Let f = 180 + g. What is the units digit of f?
3
Suppose 400 + 3217 = 3*r + s, 0 = -3*r + 3*s + 3633. What is the units digit of r?
7
Let f(d) = -2*d + 1. Let v be f(-3). Let o = 8 - v. Suppose 3*n - 19 + o = 0. What is the units digit of n?
6
Let u = -86 + 72. Let t(o) = -o**3 - 11*o**2 + 31*o - 34. What is the tens digit of t(u)?
2
Suppose -5*h = 6*h - 242. Suppose -h*n + 26*n = 188. What is the units digit of n?
7
Let o(u) be the second derivative of -u**3/3 + 9*u**2/2 - 2*u. Let f be o(6). What is the tens digit of (8/f)/(12/(-108))?
2
Suppose -